{"id":2509,"date":"2022-09-07T17:50:55","date_gmt":"2022-09-07T17:50:55","guid":{"rendered":"https:\/\/maikaionline.com\/blog\/?page_id=2509"},"modified":"2022-09-07T18:13:44","modified_gmt":"2022-09-07T18:13:44","slug":"accede-a-la-zona-vip","status":"publish","type":"page","link":"https:\/\/maikaionline.com\/blog\/es\/accede-a-la-zona-vip\/","title":{"rendered":"Accede a la Zona VIP"},"content":{"rendered":"<section class=\"l-section wpb_row height_medium with_shape\"><div class=\"l-section-overlay\" style=\"background:#CDDDCA\"><\/div><div class=\"l-section-shape type_tilt pos_bottom hor_flip\" style=\"height:5vh;\"><svg xmlns=\"http:\/\/www.w3.org\/2000\/svg\" viewBox=\"0 0 64 8\" preserveAspectRatio=\"none\" width=\"100%\" height=\"100%\">\r\n\t<path fill=\"currentColor\" d=\"M64 7.9 L64 10 L0 10 L0 0 Z\"\/>\r\n<\/svg><\/div><div class=\"l-section-h i-cf\"><div class=\"g-cols vc_row via_grid cols_1 laptops-cols_inherit tablets-cols_inherit mobiles-cols_1 valign_middle type_default stacking_default\"><div class=\"wpb_column vc_column_container\"><div class=\"vc_column-inner\"><div class=\"wpb_text_column\"><div class=\"wpb_wrapper\"><h2 style=\"text-align: center;\">\u00a1El primer paso!<\/h2>\n<\/div><\/div><\/div><\/div><\/div><\/div><\/section><section class=\"l-section wpb_row height_auto\"><div class=\"l-section-h i-cf\"><div class=\"g-cols vc_row via_grid cols_2 laptops-cols_inherit tablets-cols_inherit mobiles-cols_1 valign_top type_default stacking_default\"><div class=\"wpb_column vc_column_container us_custom_1c4e59d3 us_animate_this has_bg_color\"><div class=\"vc_column-inner\"><div class=\"w-separator size_medium\"><\/div><div class=\"wpb_text_column\"><div class=\"wpb_wrapper\"><p>Est\u00e1s a punto de acceder a un mont\u00f3n de contenido s\u00faper exclusivo de Maika&#8217;i, s\u00f3lo tienes que dejarnos tu nombre y tu e-mail para hacerte llegar el acceso secreto a la Zona VIP.<\/p>\n<p style=\"text-align: center;\"><em><strong>\u00a1Pss! Merecer\u00e1 la pena<\/strong><\/em><\/p>\n<\/div><\/div><div class=\"w-iconbox iconpos_top style_default color_custom align_center no_title no_text\"><a href=\"#formulario\" class=\"w-iconbox-link\" aria-label=\"fas|chevron-down\"><div class=\"w-iconbox-icon\" style=\"font-size:2rem;color:#CDDDCA;\"><i class=\"fas fa-chevron-down\"><\/i><\/div><\/a><div class=\"w-iconbox-meta\"><\/div><\/div><div class=\"w-html\" id=\"formulario\"><!-- Begin Sendinblue Form -->\n<!-- START - We recommend to place the below code in head tag of your website html  -->\n<style>\n  @font-face {\n    font-display: block;\n    font-family: Roboto;\n    src: url(https:\/\/assets.sendinblue.com\/font\/Roboto\/Latin\/normal\/normal\/7529907e9eaf8ebb5220c5f9850e3811.woff2) format(\"woff2\"), url(https:\/\/assets.sendinblue.com\/font\/Roboto\/Latin\/normal\/normal\/25c678feafdc175a70922a116c9be3e7.woff) format(\"woff\")\n  }\n\n  @font-face {\n    font-display: fallback;\n    font-family: Roboto;\n    font-weight: 600;\n    src: url(https:\/\/assets.sendinblue.com\/font\/Roboto\/Latin\/medium\/normal\/6e9caeeafb1f3491be3e32744bc30440.woff2) format(\"woff2\"), url(https:\/\/assets.sendinblue.com\/font\/Roboto\/Latin\/medium\/normal\/71501f0d8d5aa95960f6475d5487d4c2.woff) format(\"woff\")\n  }\n\n  @font-face {\n    font-display: fallback;\n    font-family: Roboto;\n    font-weight: 700;\n    src: url(https:\/\/assets.sendinblue.com\/font\/Roboto\/Latin\/bold\/normal\/3ef7cf158f310cf752d5ad08cd0e7e60.woff2) format(\"woff2\"), url(https:\/\/assets.sendinblue.com\/font\/Roboto\/Latin\/bold\/normal\/ece3a1d82f18b60bcce0211725c476aa.woff) format(\"woff\")\n  }\n\n  #sib-container input:-ms-input-placeholder {\n    text-align: left;\n    font-family: \"Helvetica\", sans-serif;\n    color: #c0ccda;\n  }\n\n  #sib-container input::placeholder {\n    text-align: left;\n    font-family: \"Helvetica\", sans-serif;\n    color: #c0ccda;\n  }\n.sib-form {\n    padding: 0 !important;\n}\n.sib-form a {\ncolor: #313131 !important;\n}\n<\/style>\n<link rel=\"stylesheet\" href=\"https:\/\/sibforms.com\/forms\/end-form\/build\/sib-styles.css\">\n<!--  END - We recommend to place the above code in head tag of your website html -->\n\n<!-- START - We recommend to place the below code where you want the form in your website html  -->\n<div class=\"sib-form\" style=\"text-align: center;\n         background-color: transparent;                                           \">\n  <div id=\"sib-form-container\" class=\"sib-form-container\">\n    <div id=\"sib-container\" class=\"sib-container--large sib-container--vertical\" style=\"text-align:center; background-color:transparent; max-width:540px; border-width:0px; border-color:#ffffff; border-style:solid;\">\n      <form id=\"sib-form\" method=\"POST\" action=\"https:\/\/46bb0b03.sibforms.com\/serve\/MUIEAM2NoBo2PmYVtnykaxtcVZPqkgDUooDNwI0aE1TXLKztf0WEMRtioTxBEQG4a6C_WLl8cu8EmPGA-vh_0pnrvPcAIbeHVjdDpV3Rfk5nNCQsZ6XLIokP_R_MsyB6nKElckIvGjCfYg7eYEgVf9N7ewxseKu4lYP0nfmkH9r-d_iQSiEzHQavrOuP-bv5ewn1XTppfpj8fTOi\">\n        <div style=\"padding: 8px 0;\">\n          <div class=\"sib-input sib-form-block\">\n            <div class=\"form__entry entry_block\">\n              <div class=\"form__label-row \">\n\n                <div class=\"entry__field\">\n                  <input class=\"input\" maxlength=\"200\" type=\"text\" id=\"NOMBRE\" name=\"NOMBRE\" autocomplete=\"off\" placeholder=\"NOMBRE\" data-required=\"true\" required \/>\n                <\/div>\n              <\/div>\n\n              <label class=\"entry__error entry__error--primary\" style=\"font-size:16px; text-align:left; font-family:&quot;Helvetica&quot;, sans-serif; color:#661d1d; background-color:#ffeded; border-radius:3px; border-color:#ff4949;\">\n              <\/label>\n            <\/div>\n          <\/div>\n        <\/div>\n        <div style=\"padding: 8px 0;\">\n          <div class=\"sib-input sib-form-block\">\n            <div class=\"form__entry entry_block\">\n              <div class=\"form__label-row \">\n\n                <div class=\"entry__field\">\n                  <input class=\"input\" type=\"text\" id=\"EMAIL\" name=\"EMAIL\" autocomplete=\"off\" placeholder=\"EMAIL\" data-required=\"true\" required \/>\n                <\/div>\n              <\/div>\n\n              <label class=\"entry__error entry__error--primary\" style=\"font-size:16px; text-align:left; font-family:&quot;Helvetica&quot;, sans-serif; color:#661d1d; background-color:#ffeded; border-radius:3px; border-color:#ff4949;\">\n              <\/label>\n            <\/div>\n          <\/div>\n        <\/div>\n        <div style=\"padding: 8px 0;\">\n          <div class=\"sib-optin sib-form-block\">\n            <div class=\"form__entry entry_mcq\">\n              <div class=\"form__label-row \">\n                <div class=\"entry__choice\">\n                  <label>\n                    <input type=\"checkbox\" class=\"input_replaced\" value=\"1\" id=\"PRIVACIDAD\" name=\"PRIVACIDAD\" \/>\n                    <span class=\"checkbox checkbox_tick_positive\"><\/span><span style=\"font-size:14px; text-align:left; font-family:&quot;Helvetica&quot;, sans-serif; color:#3C4858; background-color:transparent;\"><p>Acepto la <a href=\"https:\/\/maikaionline.com\/info\/6-politica-de-privacidad\" target=\"_blank\">Pol\u00edtica de Privacidad<\/a>.<\/p><\/span> <\/label>\n                <\/div>\n              <\/div>\n              <label class=\"entry__error entry__error--primary\" style=\"font-size:16px; text-align:left; font-family:&quot;Helvetica&quot;, sans-serif; color:#661d1d; background-color:#ffeded; border-radius:3px; border-color:#ff4949;\">\n              <\/label>\n            <\/div>\n          <\/div>\n\n        <\/div>\n        <div style=\"padding: 8px 0;\">\n          <div class=\"sib-optin sib-form-block\">\n            <div class=\"form__entry entry_mcq\">\n              <div class=\"form__label-row \">\n                <div class=\"entry__choice\">\n                  <label>\n                    <input type=\"checkbox\" class=\"input_replaced\" value=\"1\" id=\"OPT_IN\" name=\"OPT_IN\" \/>\n                    <span class=\"checkbox checkbox_tick_positive\"><\/span><span style=\"font-size:14px; text-align:left; font-family:&quot;Helvetica&quot;, sans-serif; color:#3C4858; background-color:transparent;\"><p>Acepto las condiciones y recibir sus newsletters.<\/p><\/span> <\/label>\n                <\/div>\n              <\/div>\n              <label class=\"entry__error entry__error--primary\" style=\"font-size:16px; text-align:left; font-family:&quot;Helvetica&quot;, sans-serif; color:#661d1d; background-color:#ffeded; border-radius:3px; border-color:#ff4949;\">\n              <\/label>\n            <\/div>\n          <\/div>\n        <\/div>\n        <div style=\"padding: 8px 0;\">\n          <div class=\"sib-form-block\" style=\"text-align: center\">\n            <button class=\"sib-form-block__button sib-form-block__button-with-loader\" style=\"font-size:16px; text-align:center; font-weight:700; font-family:&quot;Helvetica&quot;, sans-serif; color:#FFFFFF; background-color:#313131; border-radius:3px; border-width:0px;\" form=\"sib-form\" type=\"submit\">\n              <svg class=\"icon clickable__icon progress-indicator__icon sib-hide-loader-icon\" viewBox=\"0 0 512 512\">\n                <path d=\"M460.116 373.846l-20.823-12.022c-5.541-3.199-7.54-10.159-4.663-15.874 30.137-59.886 28.343-131.652-5.386-189.946-33.641-58.394-94.896-95.833-161.827-99.676C261.028 55.961 256 50.751 256 44.352V20.309c0-6.904 5.808-12.337 12.703-11.982 83.556 4.306 160.163 50.864 202.11 123.677 42.063 72.696 44.079 162.316 6.031 236.832-3.14 6.148-10.75 8.461-16.728 5.01z\" \/>\n              <\/svg>\n              ACCEDER A LA ZONA VIP\n            <\/button>\n          <\/div>\n        <\/div>\n        <input type=\"text\" name=\"email_address_check\" value=\"\" class=\"input--hidden\">\n        <input type=\"hidden\" name=\"locale\" value=\"es\">\n        <input type=\"hidden\" name=\"html_type\" value=\"simple\">\n      <\/form>\n    <\/div>\n  <\/div>\n<\/div>\n<!-- END - We recommend to place the below code where you want the form in your website html  -->\n<!-- End Sendinblue Form --><\/div><\/div><\/div><div class=\"wpb_column vc_column_container stretched\"><div class=\"vc_column-inner\"><div class=\"w-image align_center\"><div class=\"w-image-h\"><img loading=\"lazy\" decoding=\"async\" width=\"587\" height=\"517\" src=\"https:\/\/maikaionline.com\/blog\/wp-content\/uploads\/2022\/09\/fondo.png\" class=\"attachment-full size-full\" alt=\"\" srcset=\"https:\/\/maikaionline.com\/blog\/wp-content\/uploads\/2022\/09\/fondo.png 587w, https:\/\/maikaionline.com\/blog\/wp-content\/uploads\/2022\/09\/fondo-300x264.png 300w, https:\/\/maikaionline.com\/blog\/wp-content\/uploads\/2022\/09\/fondo-250x220.png 250w\" sizes=\"(max-width: 587px) 100vw, 587px\" \/><\/div><\/div><div class=\"w-separator size_medium\"><\/div><\/div><\/div><\/div><\/div><\/section>\n","protected":false},"excerpt":{"rendered":"\u00a1El primer paso! Est\u00e1s a punto de acceder a un mont\u00f3n de contenido s\u00faper exclusivo de Maika&#8217;i, s\u00f3lo tienes que dejarnos tu nombre y tu e-mail para hacerte llegar el acceso secreto a la Zona VIP. \u00a1Pss! Merecer\u00e1 la pena Acepto la Pol\u00edtica de Privacidad. Acepto las condiciones y recibir sus newsletters. ACCEDER A LA...","protected":false},"author":3,"featured_media":51,"parent":0,"menu_order":0,"comment_status":"closed","ping_status":"closed","template":"","meta":{"wprm-recipe-roundup-name":"","wprm-recipe-roundup-description":"","footnotes":""},"yoast_head":"<!-- This site is optimized with the Yoast SEO plugin v22.6 - https:\/\/yoast.com\/wordpress\/plugins\/seo\/ -->\n<title>Accede a la Zona VIP - Maika\u00b4i \u00ae Magazine<\/title>\n<meta name=\"robots\" content=\"index, follow, max-snippet:-1, max-image-preview:large, max-video-preview:-1\" \/>\n<link rel=\"canonical\" href=\"https:\/\/maikaionline.com\/blog\/es\/accede-a-la-zona-vip\/\" \/>\n<meta name=\"twitter:label1\" content=\"Tiempo de lectura\" \/>\n\t<meta name=\"twitter:data1\" content=\"1 minuto\" \/>\n<script type=\"application\/ld+json\" class=\"yoast-schema-graph\">{\"@context\":\"https:\/\/schema.org\",\"@graph\":[{\"@type\":\"WebPage\",\"@id\":\"https:\/\/maikaionline.com\/blog\/es\/accede-a-la-zona-vip\/\",\"url\":\"https:\/\/maikaionline.com\/blog\/es\/accede-a-la-zona-vip\/\",\"name\":\"Accede a la Zona VIP - Maika\u00b4i \u00ae Magazine\",\"isPartOf\":{\"@id\":\"https:\/\/maikaionline.com\/blog\/#website\"},\"primaryImageOfPage\":{\"@id\":\"https:\/\/maikaionline.com\/blog\/es\/accede-a-la-zona-vip\/#primaryimage\"},\"image\":{\"@id\":\"https:\/\/maikaionline.com\/blog\/es\/accede-a-la-zona-vip\/#primaryimage\"},\"thumbnailUrl\":\"https:\/\/maikaionline.com\/blog\/wp-content\/uploads\/2021\/01\/no-photo-maikai.jpg\",\"datePublished\":\"2022-09-07T17:50:55+00:00\",\"dateModified\":\"2022-09-07T18:13:44+00:00\",\"breadcrumb\":{\"@id\":\"https:\/\/maikaionline.com\/blog\/es\/accede-a-la-zona-vip\/#breadcrumb\"},\"inLanguage\":\"es\",\"potentialAction\":[{\"@type\":\"ReadAction\",\"target\":[\"https:\/\/maikaionline.com\/blog\/es\/accede-a-la-zona-vip\/\"]}]},{\"@type\":\"ImageObject\",\"inLanguage\":\"es\",\"@id\":\"https:\/\/maikaionline.com\/blog\/es\/accede-a-la-zona-vip\/#primaryimage\",\"url\":\"https:\/\/maikaionline.com\/blog\/wp-content\/uploads\/2021\/01\/no-photo-maikai.jpg\",\"contentUrl\":\"https:\/\/maikaionline.com\/blog\/wp-content\/uploads\/2021\/01\/no-photo-maikai.jpg\",\"width\":600,\"height\":600},{\"@type\":\"BreadcrumbList\",\"@id\":\"https:\/\/maikaionline.com\/blog\/es\/accede-a-la-zona-vip\/#breadcrumb\",\"itemListElement\":[{\"@type\":\"ListItem\",\"position\":1,\"name\":\"Portada\",\"item\":\"https:\/\/maikaionline.com\/blog\/en\/\"},{\"@type\":\"ListItem\",\"position\":2,\"name\":\"Accede a la Zona VIP\"}]},{\"@type\":\"WebSite\",\"@id\":\"https:\/\/maikaionline.com\/blog\/#website\",\"url\":\"https:\/\/maikaionline.com\/blog\/\",\"name\":\"Maika\u00b4i \u00ae Magazine\",\"description\":\"Noticias y contenido \u00fanico, exclusivo e importante sobre belleza, nutrici\u00f3n y fitness\",\"potentialAction\":[{\"@type\":\"SearchAction\",\"target\":{\"@type\":\"EntryPoint\",\"urlTemplate\":\"https:\/\/maikaionline.com\/blog\/?s={search_term_string}\"},\"query-input\":\"required name=search_term_string\"}],\"inLanguage\":\"es\"}]}<\/script>\n<!-- \/ Yoast SEO plugin. -->","yoast_head_json":{"title":"Accede a la Zona VIP - Maika\u00b4i \u00ae Magazine","robots":{"index":"index","follow":"follow","max-snippet":"max-snippet:-1","max-image-preview":"max-image-preview:large","max-video-preview":"max-video-preview:-1"},"canonical":"https:\/\/maikaionline.com\/blog\/es\/accede-a-la-zona-vip\/","twitter_misc":{"Tiempo de lectura":"1 minuto"},"schema":{"@context":"https:\/\/schema.org","@graph":[{"@type":"WebPage","@id":"https:\/\/maikaionline.com\/blog\/es\/accede-a-la-zona-vip\/","url":"https:\/\/maikaionline.com\/blog\/es\/accede-a-la-zona-vip\/","name":"Accede a la Zona VIP - Maika\u00b4i \u00ae Magazine","isPartOf":{"@id":"https:\/\/maikaionline.com\/blog\/#website"},"primaryImageOfPage":{"@id":"https:\/\/maikaionline.com\/blog\/es\/accede-a-la-zona-vip\/#primaryimage"},"image":{"@id":"https:\/\/maikaionline.com\/blog\/es\/accede-a-la-zona-vip\/#primaryimage"},"thumbnailUrl":"https:\/\/maikaionline.com\/blog\/wp-content\/uploads\/2021\/01\/no-photo-maikai.jpg","datePublished":"2022-09-07T17:50:55+00:00","dateModified":"2022-09-07T18:13:44+00:00","breadcrumb":{"@id":"https:\/\/maikaionline.com\/blog\/es\/accede-a-la-zona-vip\/#breadcrumb"},"inLanguage":"es","potentialAction":[{"@type":"ReadAction","target":["https:\/\/maikaionline.com\/blog\/es\/accede-a-la-zona-vip\/"]}]},{"@type":"ImageObject","inLanguage":"es","@id":"https:\/\/maikaionline.com\/blog\/es\/accede-a-la-zona-vip\/#primaryimage","url":"https:\/\/maikaionline.com\/blog\/wp-content\/uploads\/2021\/01\/no-photo-maikai.jpg","contentUrl":"https:\/\/maikaionline.com\/blog\/wp-content\/uploads\/2021\/01\/no-photo-maikai.jpg","width":600,"height":600},{"@type":"BreadcrumbList","@id":"https:\/\/maikaionline.com\/blog\/es\/accede-a-la-zona-vip\/#breadcrumb","itemListElement":[{"@type":"ListItem","position":1,"name":"Portada","item":"https:\/\/maikaionline.com\/blog\/en\/"},{"@type":"ListItem","position":2,"name":"Accede a la Zona VIP"}]},{"@type":"WebSite","@id":"https:\/\/maikaionline.com\/blog\/#website","url":"https:\/\/maikaionline.com\/blog\/","name":"Maika\u00b4i \u00ae Magazine","description":"Noticias y contenido \u00fanico, exclusivo e importante sobre belleza, nutrici\u00f3n y fitness","potentialAction":[{"@type":"SearchAction","target":{"@type":"EntryPoint","urlTemplate":"https:\/\/maikaionline.com\/blog\/?s={search_term_string}"},"query-input":"required name=search_term_string"}],"inLanguage":"es"}]}},"_links":{"self":[{"href":"https:\/\/maikaionline.com\/blog\/wp-json\/wp\/v2\/pages\/2509"}],"collection":[{"href":"https:\/\/maikaionline.com\/blog\/wp-json\/wp\/v2\/pages"}],"about":[{"href":"https:\/\/maikaionline.com\/blog\/wp-json\/wp\/v2\/types\/page"}],"author":[{"embeddable":true,"href":"https:\/\/maikaionline.com\/blog\/wp-json\/wp\/v2\/users\/3"}],"replies":[{"embeddable":true,"href":"https:\/\/maikaionline.com\/blog\/wp-json\/wp\/v2\/comments?post=2509"}],"version-history":[{"count":25,"href":"https:\/\/maikaionline.com\/blog\/wp-json\/wp\/v2\/pages\/2509\/revisions"}],"predecessor-version":[{"id":2547,"href":"https:\/\/maikaionline.com\/blog\/wp-json\/wp\/v2\/pages\/2509\/revisions\/2547"}],"wp:featuredmedia":[{"embeddable":true,"href":"https:\/\/maikaionline.com\/blog\/wp-json\/wp\/v2\/media\/51"}],"wp:attachment":[{"href":"https:\/\/maikaionline.com\/blog\/wp-json\/wp\/v2\/media?parent=2509"}],"curies":[{"name":"wp","href":"https:\/\/api.w.org\/{rel}","templated":true}]}}