{"id":104,"date":"2023-06-19T21:51:52","date_gmt":"2023-06-19T21:51:52","guid":{"rendered":"https:\/\/maikaionline.com\/m\/?page_id=104"},"modified":"2023-06-28T08:50:51","modified_gmt":"2023-06-28T08:50:51","slug":"journaling","status":"publish","type":"page","link":"https:\/\/maikaionline.com\/m\/journaling\/","title":{"rendered":"Journaling"},"content":{"rendered":"<section class=\"l-section wpb_row us_custom_74d9ae50 height_large with_shape\"><div class=\"l-section-overlay\" style=\"background:rgba(191,154,72,0.18)\"><\/div><div class=\"l-section-shape type_wave pos_bottom hor_flip\" style=\"height:5vh;\"><svg xmlns=\"http:\/\/www.w3.org\/2000\/svg\" viewBox=\"0 4 64 4\" preserveAspectRatio=\"none\" width=\"100%\" height=\"100%\">\r\n\t<path fill=\"currentColor\" d=\"M64 6 C32 0 32 12 0 6 L0 8 L64 8 Z\"\/>\r\n<\/svg><\/div><div class=\"l-section-h i-cf\"><div class=\"g-cols vc_row via_grid cols_1 laptops-cols_inherit tablets-cols_inherit mobiles-cols_1 valign_middle type_default stacking_default\"><div class=\"wpb_column vc_column_container\"><div class=\"vc_column-inner\"><div class=\"wpb_text_column us_custom_045ddbe9\"><div class=\"wpb_wrapper\"><h2 style=\"text-align: center; font-weight: bolder;\">Masterclass Journaling<\/h2>\n<\/div><\/div><\/div><\/div><\/div><\/div><\/section><section class=\"l-section wpb_row height_medium\"><div class=\"l-section-h i-cf\"><div class=\"g-cols vc_row via_grid cols_2-1 laptops-cols_inherit tablets-cols_inherit mobiles-cols_1 valign_middle type_default stacking_default\"><div class=\"wpb_column vc_column_container us_custom_8f7b07a9 us_animate_this\"><div class=\"vc_column-inner\"><div class=\"w-separator size_medium\"><\/div><div class=\"wpb_text_column us_custom_ba870b58 us_animate_this\"><div class=\"wpb_wrapper\"><p style=\"text-align: center;\">Conecta con la inteligencia infinita,<br \/>\nproyecta tu visi\u00f3n y crea la vida que deseas.<\/p>\n<\/div><\/div><div class=\"w-separator size_small\"><\/div><div class=\"wpb_text_column us_custom_8e62a95a us_animate_this\"><div class=\"wpb_wrapper\"><h3 style=\"text-align: center; font-size: 2rem; font-weight: bold;\">JOURNALING DE MANIFESTACI\u00d3N<\/h3>\n<\/div><\/div><div class=\"w-separator size_small\"><\/div><div class=\"wpb_text_column us_custom_ba870b58 us_animate_this\"><div class=\"wpb_wrapper\"><p style=\"text-align: center;\">con LUBA DIMITROVA<\/p>\n<p style=\"text-align: center;\">Recibe claridad sobre tus prop\u00f3sitos,<br \/>\ntraza un plan para lograrlos y conecta con<br \/>\ntu versi\u00f3n futura que ya los ha logrado.<\/p>\n<\/div><\/div><div class=\"w-separator size_small\"><\/div><div class=\"w-btn-wrapper align_center\"><a class=\"w-btn us-btn-style_3 us_custom_0e2941a5 us_animate_this\" target=\"_blank\" href=\"https:\/\/maikaionline.com\/es\/cursos\/795-curso-journaling.html\" rel=\"noopener\"><span class=\"w-btn-label\">\u00a1COMIENZA AHORA!<\/span><\/a><\/div><div class=\"w-separator size_medium\"><\/div><\/div><\/div><div class=\"wpb_column vc_column_container\"><div class=\"vc_column-inner\"><div class=\"w-image us_custom_ff13c409 us_animate_this align_center\"><div class=\"w-image-h\"><img loading=\"lazy\" decoding=\"async\" width=\"576\" height=\"1024\" src=\"https:\/\/maikaionline.com\/m\/wp-content\/uploads\/2023\/06\/Imagen-1-576x1024.jpg\" class=\"attachment-large size-large\" alt=\"\" srcset=\"https:\/\/maikaionline.com\/m\/wp-content\/uploads\/2023\/06\/Imagen-1-576x1024.jpg 576w, https:\/\/maikaionline.com\/m\/wp-content\/uploads\/2023\/06\/Imagen-1-169x300.jpg 169w, https:\/\/maikaionline.com\/m\/wp-content\/uploads\/2023\/06\/Imagen-1-225x400.jpg 225w, https:\/\/maikaionline.com\/m\/wp-content\/uploads\/2023\/06\/Imagen-1-253x450.jpg 253w, https:\/\/maikaionline.com\/m\/wp-content\/uploads\/2023\/06\/Imagen-1-scaled.jpg 1440w\" sizes=\"auto, (max-width: 576px) 100vw, 576px\" \/><\/div><\/div><\/div><\/div><\/div><\/div><\/section><section class=\"l-section wpb_row us_custom_f89a0b0f height_medium width_full with_img\"><div class=\"l-section-img\" style=\"background-image: url(https:\/\/maikaionline.com\/m\/wp-content\/uploads\/2023\/06\/bg.jpg);\" data-img-width=\"1240\" data-img-height=\"600\"><\/div><div class=\"l-section-h i-cf\"><div class=\"g-cols vc_row via_grid cols_2 laptops-cols_inherit tablets-cols_inherit mobiles-cols_1 valign_middle type_default stacking_default\"><div class=\"wpb_column vc_column_container us_custom_395f305d\"><div class=\"vc_column-inner\"><div class=\"w-video us_custom_4d2e32a1 align_center ratio_16x9 with_overlay\" id=\"video\" style=\"background-image:url(https:\/\/maikaionline.com\/m\/wp-content\/uploads\/2023\/06\/JOURNALING-1.jpg);\" onclick=\"return {&quot;player_html&quot;:&quot;&lt;iframe title=\\&quot;Journaling, la herramienta poderosa para transformar tu realidad. Desc\\u00fabrela en nuestra Masterclass.\\&quot; width=\\&quot;640\\&quot; height=\\&quot;360\\&quot; src=\\&quot;https:\\\/\\\/www.youtube.com\\\/embed\\\/cWKtqncu8pI?feature=oembed\\&quot; frameborder=\\&quot;0\\&quot; allow=\\&quot;accelerometer; autoplay; clipboard-write; encrypted-media; gyroscope; picture-in-picture; web-share\\&quot; allowfullscreen&gt;&lt;\\\/iframe&gt;&quot;}\"><div class=\"w-video-h\"><\/div><div class=\"w-video-icon\" style=\"font-size:1.5rem;background:rgba(0,0,0,0.5);color:#fff\"><\/div><\/div><\/div><\/div><div class=\"wpb_column vc_column_container us_custom_171d5a2a has_bg_color\"><div class=\"vc_column-inner\"><div class=\"w-vwrapper us_custom_d86a3d90 align_none valign_top\"><div id=\"uvc-type-wrap-9265\"  data-ultimate-target='#uvc-type-wrap-9265'  data-responsive-json-new='{\"font-size\":\"desktop:26px;mobile:18px;\",\"line-height\":\"\"}'  class=\"uvc-type-wrap  ult-adjust-bottom-margin ult-responsive  uvc-type-align-center  uvc-wrap-426052935469e17895e044a\" style=\"text-align:center;\"><span  data-ultimate-target='#uvc-type-wrap-9265 .mycustfancy'  data-responsive-json-new='{\"font-size\":\"desktop:22px;mobile:16px;\",\"line-height\":\"\"}'  class=\"ultimate-typewriter-prefix mycustfancy ult-responsive\" style=\"font-weight:normal; text-transform: unset;\">La herramienta poderosa para transformar<\/span><span id=\"typed-426052935469e17895e044a\" class=\"ultimate-typed-main \" style=\"color:#bf9a48; font-weight:bold; text-transform: unset;\"><\/span><script type=\"text\/javascript\"> \r\n\t\t\t\t\t\tjQuery(function($){ \r\n\t\t\t\t\t\t\t$(document).ready(function(){\r\n\t\t\t\t\t\t\t\tif( typeof jQuery(\"#typed-426052935469e17895e044a\").typed == \"function\"){\r\n\t\t\t\t\t\t\t\t\t$(\"#typed-426052935469e17895e044a\").typed({\r\n\t\t\t\t\t\t\t\t\t\tstrings: [\"tu realidad\"],\r\n\t\t\t\t\t\t\t\t\t\ttypeSpeed: 35,\r\n\t\t\t\t\t\t\t\t\t\tbackSpeed: 0,\r\n\t\t\t\t\t\t\t\t\t\tstartDelay: 200,\r\n\t\t\t\t\t\t\t\t\t\tbackDelay: 1500,\r\n\t\t\t\t\t\t\t\t\t\tloop: true,\r\n\t\t\t\t\t\t\t\t\t\tloopCount: false,\r\n\t\t\t\t\t\t\t\t\t\tshowCursor: true,\r\n\t\t\t\t\t\t\t\t\t\tcursorChar: \"|\",\r\n\t\t\t\t\t\t\t\t\t\tattr: null\r\n\t\t\t\t\t\t\t\t\t});\r\n\t\t\t\t\t\t\t\t}\r\n\t\t\t\t\t\t\t});\r\n\t\t\t\t\t\t});\r\n\t\t\t\t\t<\/script><\/div><\/div><div class=\"wpb_text_column\"><div class=\"wpb_wrapper\"><h3 style=\"text-align: center;\">Esta Masterclass de Journaling es para ti si&#8230;<\/h3>\n<\/div><\/div><div class=\"w-separator size_small\"><\/div><div class=\"g-cols wpb_row us_custom_ff13c409 us_animate_this via_grid cols_2 laptops-cols_inherit tablets-cols_inherit mobiles-cols_1 valign_top type_default stacking_default\"><div class=\"wpb_column vc_column_container\"><div class=\"vc_column-inner\"><div class=\"uavc-list-icon uavc-list-icon-wrapper ult-adjust-bottom-margin   \"><ul class=\"uavc-list\"><li><div class=\"uavc-list-content\" id=\"list-icon-wrap-8090\">\n<div class=\"uavc-list-icon  \" data-animation=\"\" data-animation-delay=\"03\" style=\"margin-right:30px;\"><div class=\"ult-just-icon-wrapper  \"><div class=\"align-icon\" style=\"text-align:center;\">\n<div class=\"aio-icon-img \" style=\"font-size:18px;display:inline-block;\" >\n\t<img decoding=\"async\" class=\"img-icon\" alt=\"null\" src=\"https:\/\/maikaionline.com\/m\/wp-content\/uploads\/2023\/06\/journal.png\"\/>\n<\/div><\/div><\/div>\n<\/div><span  data-ultimate-target='#list-icon-wrap-8090 .uavc-list-desc'  data-responsive-json-new='{\"font-size\":\"\",\"line-height\":\"\"}'  class=\"uavc-list-desc ult-responsive\" style=\"\">Tienes una visi\u00f3n o un deseo y no sabes por d\u00f3nde empezar para materializarlo.<\/span><\/div><\/li><\/ul><\/div><\/div><\/div><div class=\"wpb_column vc_column_container\"><div class=\"vc_column-inner\"><div class=\"uavc-list-icon uavc-list-icon-wrapper ult-adjust-bottom-margin   \"><ul class=\"uavc-list\"><li><div class=\"uavc-list-content\" id=\"list-icon-wrap-9428\">\n<div class=\"uavc-list-icon  \" data-animation=\"\" data-animation-delay=\"03\" style=\"margin-right:5px;\"><div class=\"ult-just-icon-wrapper  \"><div class=\"align-icon\" style=\"text-align:center;\">\n<div class=\"aio-icon-img \" style=\"font-size:18px;display:inline-block;\" >\n\t<img decoding=\"async\" class=\"img-icon\" alt=\"null\" src=\"https:\/\/maikaionline.com\/m\/wp-content\/uploads\/2023\/06\/journal.png\"\/>\n<\/div><\/div><\/div>\n<\/div><span  data-ultimate-target='#list-icon-wrap-9428 .uavc-list-desc'  data-responsive-json-new='{\"font-size\":\"\",\"line-height\":\"\"}'  class=\"uavc-list-desc ult-responsive\" style=\"\">Quieres conectar con tu intuici\u00f3n<\/span><\/div><\/li><\/ul><\/div><\/div><\/div><\/div><div class=\"g-cols wpb_row us_custom_ff13c409 us_animate_this via_grid cols_2 laptops-cols_inherit tablets-cols_inherit mobiles-cols_1 valign_top type_default stacking_default\"><div class=\"wpb_column vc_column_container\"><div class=\"vc_column-inner\"><div class=\"uavc-list-icon uavc-list-icon-wrapper ult-adjust-bottom-margin   \"><ul class=\"uavc-list\"><li><div class=\"uavc-list-content\" id=\"list-icon-wrap-4729\">\n<div class=\"uavc-list-icon  \" data-animation=\"\" data-animation-delay=\"03\" style=\"margin-right:30px;\"><div class=\"ult-just-icon-wrapper  \"><div class=\"align-icon\" style=\"text-align:center;\">\n<div class=\"aio-icon-img \" style=\"font-size:18px;display:inline-block;\" >\n\t<img decoding=\"async\" class=\"img-icon\" alt=\"null\" src=\"https:\/\/maikaionline.com\/m\/wp-content\/uploads\/2023\/06\/journal.png\"\/>\n<\/div><\/div><\/div>\n<\/div><span  data-ultimate-target='#list-icon-wrap-4729 .uavc-list-desc'  data-responsive-json-new='{\"font-size\":\"\",\"line-height\":\"\"}'  class=\"uavc-list-desc ult-responsive\" style=\"\">Necesitas aclarar tus ideas y conocer los pasos exactos que te llevar\u00e1n a tu objetivo.<\/span><\/div><\/li><\/ul><\/div><\/div><\/div><div class=\"wpb_column vc_column_container\"><div class=\"vc_column-inner\"><div class=\"uavc-list-icon uavc-list-icon-wrapper ult-adjust-bottom-margin   \"><ul class=\"uavc-list\"><li><div class=\"uavc-list-content\" id=\"list-icon-wrap-6111\">\n<div class=\"uavc-list-icon  \" data-animation=\"\" data-animation-delay=\"03\" style=\"margin-right:5px;\"><div class=\"ult-just-icon-wrapper  \"><div class=\"align-icon\" style=\"text-align:center;\">\n<div class=\"aio-icon-img \" style=\"font-size:18px;display:inline-block;\" >\n\t<img decoding=\"async\" class=\"img-icon\" alt=\"null\" src=\"https:\/\/maikaionline.com\/m\/wp-content\/uploads\/2023\/06\/journal.png\"\/>\n<\/div><\/div><\/div>\n<\/div><span  data-ultimate-target='#list-icon-wrap-6111 .uavc-list-desc'  data-responsive-json-new='{\"font-size\":\"\",\"line-height\":\"\"}'  class=\"uavc-list-desc ult-responsive\" style=\"\">Tienes miedos y dudas a la hora de crear tu realidad so\u00f1ada.<\/span><\/div><\/li><\/ul><\/div><\/div><\/div><\/div><div class=\"g-cols wpb_row us_custom_ff13c409 us_animate_this via_grid cols_2 laptops-cols_inherit tablets-cols_inherit mobiles-cols_1 valign_top type_default stacking_default\"><div class=\"wpb_column vc_column_container\"><div class=\"vc_column-inner\"><div class=\"uavc-list-icon uavc-list-icon-wrapper ult-adjust-bottom-margin   \"><ul class=\"uavc-list\"><li><div class=\"uavc-list-content\" id=\"list-icon-wrap-3282\">\n<div class=\"uavc-list-icon  \" data-animation=\"\" data-animation-delay=\"03\" style=\"margin-right:30px;\"><div class=\"ult-just-icon-wrapper  \"><div class=\"align-icon\" style=\"text-align:center;\">\n<div class=\"aio-icon-img \" style=\"font-size:18px;display:inline-block;\" >\n\t<img decoding=\"async\" class=\"img-icon\" alt=\"null\" src=\"https:\/\/maikaionline.com\/m\/wp-content\/uploads\/2023\/06\/journal.png\"\/>\n<\/div><\/div><\/div>\n<\/div><span  data-ultimate-target='#list-icon-wrap-3282 .uavc-list-desc'  data-responsive-json-new='{\"font-size\":\"\",\"line-height\":\"\"}'  class=\"uavc-list-desc ult-responsive\" style=\"\">Sientes que existen bloqueos y creencias limitantes que no te permiten avanzar.<\/span><\/div><\/li><\/ul><\/div><\/div><\/div><div class=\"wpb_column vc_column_container\"><div class=\"vc_column-inner\"><div class=\"uavc-list-icon uavc-list-icon-wrapper ult-adjust-bottom-margin   \"><ul class=\"uavc-list\"><li><div class=\"uavc-list-content\" id=\"list-icon-wrap-7423\">\n<div class=\"uavc-list-icon  \" data-animation=\"\" data-animation-delay=\"03\" style=\"margin-right:5px;\"><div class=\"ult-just-icon-wrapper  \"><div class=\"align-icon\" style=\"text-align:center;\">\n<div class=\"aio-icon-img \" style=\"font-size:18px;display:inline-block;\" >\n\t<img decoding=\"async\" class=\"img-icon\" alt=\"null\" src=\"https:\/\/maikaionline.com\/m\/wp-content\/uploads\/2023\/06\/journal.png\"\/>\n<\/div><\/div><\/div>\n<\/div><span  data-ultimate-target='#list-icon-wrap-7423 .uavc-list-desc'  data-responsive-json-new='{\"font-size\":\"\",\"line-height\":\"\"}'  class=\"uavc-list-desc ult-responsive\" style=\"\">Quieres sentir el apoyo del Universo para fluir con la vida.<\/span><\/div><\/li><\/ul><\/div><\/div><\/div><\/div><\/div><\/div><\/div><\/div><\/section><section class=\"l-section wpb_row height_medium\"><div class=\"l-section-overlay\" style=\"background:rgba(191,154,72,0.18)\"><\/div><div class=\"l-section-h i-cf\"><div class=\"g-cols vc_row via_grid cols_1 laptops-cols_inherit tablets-cols_inherit mobiles-cols_1 valign_top type_default stacking_default\"><div class=\"wpb_column vc_column_container\"><div class=\"vc_column-inner\"><div class=\"g-cols wpb_row us_custom_8f2ba1f4 us_animate_this via_grid cols_2-1 laptops-cols_inherit tablets-cols_inherit mobiles-cols_1 valign_middle type_default stacking_default\"><div class=\"wpb_column vc_column_container\" id=\"aprenderas\"><div class=\"vc_column-inner\"><div class=\"wpb_text_column\"><div class=\"wpb_wrapper\"><h3 style=\"text-align: left; font-weight: bolder;\">Con esta masterclass aprender\u00e1s<\/h3>\n<\/div><\/div><div class=\"w-separator size_medium\"><\/div><div class=\"wpb_text_column\"><div class=\"wpb_wrapper\"><ul>\n<li>Un sistema poderoso para definir, conectar y lograr tus deseos<\/li>\n<li>Conectar con tu intuici\u00f3n<\/li>\n<li>Alinearte con tu prop\u00f3sito<\/li>\n<li>Descubrir que creencias o limitaciones bloquean tu expansi\u00f3n y sanarlas<\/li>\n<li>Crear un estilo de vida que te apoye en tu visi\u00f3n<\/li>\n<li>Usar el poder de las afirmaciones<\/li>\n<li>Encender tu luz y compartirla con el mundo<\/li>\n<\/ul>\n<\/div><\/div><\/div><\/div><div class=\"wpb_column vc_column_container\"><div class=\"vc_column-inner\"><div class=\"w-image align_center\"><div class=\"w-image-h\"><img loading=\"lazy\" decoding=\"async\" width=\"1194\" height=\"1591\" src=\"https:\/\/maikaionline.com\/m\/wp-content\/uploads\/2023\/06\/journaling.jpg\" class=\"attachment-full size-full\" alt=\"\" srcset=\"https:\/\/maikaionline.com\/m\/wp-content\/uploads\/2023\/06\/journaling.jpg 1194w, https:\/\/maikaionline.com\/m\/wp-content\/uploads\/2023\/06\/journaling-225x300.jpg 225w, https:\/\/maikaionline.com\/m\/wp-content\/uploads\/2023\/06\/journaling-768x1024.jpg 768w, https:\/\/maikaionline.com\/m\/wp-content\/uploads\/2023\/06\/journaling-300x400.jpg 300w, https:\/\/maikaionline.com\/m\/wp-content\/uploads\/2023\/06\/journaling-338x450.jpg 338w\" sizes=\"auto, (max-width: 1194px) 100vw, 1194px\" \/><\/div><\/div><\/div><\/div><\/div><\/div><\/div><\/div><\/div><\/section><section class=\"l-section wpb_row height_medium with_img\"><div class=\"l-section-img\" style=\"background-image: url(https:\/\/maikaionline.com\/m\/wp-content\/uploads\/2023\/06\/bg.jpg);\" data-img-width=\"1240\" data-img-height=\"600\"><\/div><div class=\"l-section-h i-cf\"><div class=\"g-cols vc_row via_grid cols_1 laptops-cols_inherit tablets-cols_inherit mobiles-cols_1 valign_top type_default stacking_default\"><div class=\"wpb_column vc_column_container us_custom_183c639a\"><div class=\"vc_column-inner\"><div class=\"wpb_text_column us_custom_bc72c97e has_text_color us_animate_this\"><div class=\"wpb_wrapper\"><p>\u00bfQue contiene esta Masterclass?<\/p>\n<\/div><\/div><div class=\"w-separator size_medium\"><\/div><div class=\"wpb_text_column\" id=\"contiene\"><div class=\"wpb_wrapper\"><ul>\n<li>3 videos explicativos del m\u00e9todo de Journaling de Manifestaci\u00f3n<\/li>\n<li>Workbook con los pasos a seguir para aplicar el m\u00e9todo<\/li>\n<li>Gu\u00eda con 66 Afirmaciones poderosas para Amor, Abundancia y Salud<\/li>\n<li>Lista de libros inspiradores que te pueden apoyar en la pr\u00e1ctica<\/li>\n<li>Un reto de 30 d\u00edas con pr\u00e1cticas para cultivar amor propio y acelerar tu proceso de manifestaci\u00f3n<\/li>\n<li>Bonus \u2013 Meditaci\u00f3n guiada de manifestaci\u00f3n cu\u00e1ntica.<\/li>\n<li>Acceso de por vida a los contenidos de la Masterclass<\/li>\n<li>Acceso al grupo privado en Telegram<\/li>\n<\/ul>\n<\/div><\/div><\/div><\/div><\/div><\/div><\/section><section class=\"l-section wpb_row height_medium\"><div class=\"l-section-h i-cf\"><div class=\"g-cols vc_row via_grid cols_2 laptops-cols_inherit tablets-cols_inherit mobiles-cols_1 valign_middle type_default stacking_default\"><div class=\"wpb_column vc_column_container\"><div class=\"vc_column-inner\"><div class=\"wpb_text_column us_custom_6c21c073 us_animate_this\"><div class=\"wpb_wrapper\"><p>Hola, soy Luba Dimitrova<\/p>\n<p>En los \u00faltimos 15 a\u00f1os me he dedicado a crear empresas conscientes en diferentes sectores y desarrollar mi m\u00e9todo \u201cSoulful Leadership\u201d que ayuda a las personas a lograr su m\u00e1ximo potencial sin sacrificar su vitalidad y abundancia.<\/p>\n<p>En mis mentor\u00edas ayudo a empresarios y emprende dores a instalar cultura del bienestar y liderar sus negocios alineados con su prop\u00f3sito.<\/p>\n<\/div><\/div><\/div><\/div><div class=\"wpb_column vc_column_container\"><div class=\"vc_column-inner\"><div class=\"w-image us_custom_ff13c409 us_animate_this align_center\"><div class=\"w-image-h\"><img loading=\"lazy\" decoding=\"async\" width=\"338\" height=\"450\" src=\"https:\/\/maikaionline.com\/m\/wp-content\/uploads\/2023\/06\/IMG_7309-scaled.jpeg\" class=\"attachment-us_450_450 size-us_450_450\" alt=\"\" srcset=\"https:\/\/maikaionline.com\/m\/wp-content\/uploads\/2023\/06\/IMG_7309-scaled.jpeg 1920w, https:\/\/maikaionline.com\/m\/wp-content\/uploads\/2023\/06\/IMG_7309-225x300.jpeg 225w, https:\/\/maikaionline.com\/m\/wp-content\/uploads\/2023\/06\/IMG_7309-768x1024.jpeg 768w, https:\/\/maikaionline.com\/m\/wp-content\/uploads\/2023\/06\/IMG_7309-300x400.jpeg 300w, https:\/\/maikaionline.com\/m\/wp-content\/uploads\/2023\/06\/IMG_7309-338x450.jpeg 338w\" sizes=\"auto, (max-width: 338px) 100vw, 338px\" \/><\/div><\/div><\/div><\/div><\/div><\/div><\/section><section class=\"l-section wpb_row height_medium\"><div class=\"l-section-overlay\" style=\"background:rgba(191,154,72,0.18)\"><\/div><div class=\"l-section-h i-cf\"><div class=\"g-cols vc_row via_grid cols_1 laptops-cols_inherit tablets-cols_inherit mobiles-cols_1 valign_top type_default stacking_default\"><div class=\"wpb_column vc_column_container\"><div class=\"vc_column-inner\"><div class=\"wpb_text_column us_custom_f2b3b0d5 us_animate_this\"><div class=\"wpb_wrapper\"><h3 style=\"text-align: center; font-weight: bolder;\">\u00bf La pr\u00e1ctica de Journaling es para ti?<\/h3>\n<\/div><\/div><div class=\"w-separator size_large\"><\/div><div class=\"g-cols wpb_row via_grid cols_2 laptops-cols_inherit tablets-cols_inherit mobiles-cols_1 valign_top type_default stacking_default\"><div class=\"wpb_column vc_column_container\"><div class=\"vc_column-inner\"><div class=\"w-iconbox iconpos_left style_default color_custom align_left no_text\"><div class=\"w-iconbox-icon\" style=\"font-size:2rem;color:#4eba36;\"><i class=\"fas fa-check\"><\/i><\/div><div class=\"w-iconbox-meta\"><h4 class=\"w-iconbox-title\">Es para ti si&#8230;<\/h4><\/div><\/div><div class=\"w-separator size_medium\"><\/div><div class=\"wpb_text_column\"><div class=\"wpb_wrapper\"><p>Est\u00e1s preparad@ a elevar tu vida a otro nivel.<\/p>\n<p>Te comprometes con tus objetivos<\/p>\n<p>Quieres obtener claridad sobre tus prop\u00f3sitos<\/p>\n<p>Quieres conectar con tu intuici\u00f3n<\/p>\n<\/div><\/div><div class=\"w-separator  hide_on_default hide_on_laptops size_huge with_line width_default thick_1 style_solid color_border align_center\"><div class=\"w-separator-h\"><\/div><\/div><\/div><\/div><div class=\"wpb_column vc_column_container\"><div class=\"vc_column-inner\"><div class=\"w-iconbox iconpos_left style_default color_custom align_left no_text\"><div class=\"w-iconbox-icon\" style=\"font-size:2rem;color:#db1f1f;\"><i class=\"fas fa-times\"><\/i><\/div><div class=\"w-iconbox-meta\"><h4 class=\"w-iconbox-title\">No es para ti si&#8230;<\/h4><\/div><\/div><div class=\"w-separator size_medium\"><\/div><div class=\"wpb_text_column\"><div class=\"wpb_wrapper\"><p>No tienes 10 minutos al d\u00eda para invertir en tu bienestar y crecimiento personal<\/p>\n<p>No te comprometes con tus sue\u00f1os<\/p>\n<p>No est\u00e1s decidid@ a alinearte con tu prop\u00f3sito<\/p>\n<p>No quieres cambiar tu vida ni servir\/contribuir a los dem\u00e1s.<\/p>\n<\/div><\/div><\/div><\/div><\/div><\/div><\/div><\/div><\/div><\/section><section class=\"l-section wpb_row height_medium\"><div class=\"l-section-h i-cf\"><div class=\"g-cols vc_row via_grid cols_1 laptops-cols_inherit tablets-cols_inherit mobiles-cols_1 valign_top type_default stacking_default\"><div class=\"wpb_column vc_column_container\"><div class=\"vc_column-inner\"><div class=\"wpb_text_column us_custom_e2aee182\"><div class=\"wpb_wrapper\"><h5 style=\"text-align: center;\">Tu nuevo estilo de vida y tus sue\u00f1os esperan por ti<\/h5>\n<h3 style=\"text-align: center; font-weight: bolder;\">\u00a1\u00a1\u00a1DA EL PRIMER PASO!!!<\/h3>\n<\/div><\/div><div class=\"w-separator size_medium\"><\/div><div class=\"w-btn-wrapper align_center\"><a class=\"w-btn us-btn-style_3 us_custom_e38db888 us_animate_this\" target=\"_blank\" href=\"https:\/\/maikaionline.com\/es\/cursos\/795-curso-journaling.html\" rel=\"noopener\"><span class=\"w-btn-label\">Quiero usar el poder del Journaling<\/span><\/a><\/div><\/div><\/div><\/div><\/div><\/section>\n","protected":false},"excerpt":{"rendered":"Masterclass Journaling Conecta con la inteligencia infinita, proyecta tu visi\u00f3n y crea la vida que deseas. JOURNALING DE MANIFESTACI\u00d3N con LUBA DIMITROVA Recibe claridad sobre tus prop\u00f3sitos, traza un plan para lograrlos y conecta con tu versi\u00f3n futura que ya los ha logrado. \u00a1COMIENZA AHORA!La herramienta poderosa para transformarEsta Masterclass de Journaling es para ti...","protected":false},"author":1,"featured_media":109,"parent":0,"menu_order":0,"comment_status":"closed","ping_status":"closed","template":"","meta":{"footnotes":""},"class_list":["post-104","page","type-page","status-publish","has-post-thumbnail","hentry"],"_links":{"self":[{"href":"https:\/\/maikaionline.com\/m\/wp-json\/wp\/v2\/pages\/104","targetHints":{"allow":["GET"]}}],"collection":[{"href":"https:\/\/maikaionline.com\/m\/wp-json\/wp\/v2\/pages"}],"about":[{"href":"https:\/\/maikaionline.com\/m\/wp-json\/wp\/v2\/types\/page"}],"author":[{"embeddable":true,"href":"https:\/\/maikaionline.com\/m\/wp-json\/wp\/v2\/users\/1"}],"replies":[{"embeddable":true,"href":"https:\/\/maikaionline.com\/m\/wp-json\/wp\/v2\/comments?post=104"}],"version-history":[{"count":63,"href":"https:\/\/maikaionline.com\/m\/wp-json\/wp\/v2\/pages\/104\/revisions"}],"predecessor-version":[{"id":259,"href":"https:\/\/maikaionline.com\/m\/wp-json\/wp\/v2\/pages\/104\/revisions\/259"}],"wp:featuredmedia":[{"embeddable":true,"href":"https:\/\/maikaionline.com\/m\/wp-json\/wp\/v2\/media\/109"}],"wp:attachment":[{"href":"https:\/\/maikaionline.com\/m\/wp-json\/wp\/v2\/media?parent=104"}],"curies":[{"name":"wp","href":"https:\/\/api.w.org\/{rel}","templated":true}]}}